{"id":7136,"date":"2023-07-09T20:14:51","date_gmt":"2023-07-09T19:14:51","guid":{"rendered":"https:\/\/erlebnis-parkplatz.net\/?page_id=7136"},"modified":"2024-07-05T13:03:57","modified_gmt":"2024-07-05T12:03:57","slug":"oe1-der-boden-und-die-badewanne","status":"publish","type":"page","link":"https:\/\/erlebnis-parkplatz.net\/?page_id=7136","title":{"rendered":"\u00d61: Der Boden und die Badewanne"},"content":{"rendered":"\n<p><strong>\u00d61-Morgenjournal vom 12.08.2021 zum Thema Bodenschutz <\/strong><\/p>\n\n\n\n<p>&#8222;Bode<em>nschutz ist Hochwasserschutz. (\u2026) Ein m<sub><sup>2<\/sup><\/sub> gesunder Boden kann eine ganze Badewanne Regenwasser aufnehmen und dieses Wasser ist nicht gleich in den Fl\u00fcssen, die dann \u00fcber die Ufer treten.&#8220;<\/em><\/p>\n\n\n\n<p><em>&#8222;Wir m\u00fcssen uns schon die Frage stellen, wo w\u00e4chst denn unser Essen in Zukunft, wenn wir im Land der \u00c4cker alles zubetonieren.&#8220;<\/em><\/p>\n\n\n\n<p><em>&#8222;Im Linzer Gro\u00dfraum gibt&#8217;s gen\u00fcgend Industriebrachen, die einfach<\/em> <em>nur gen\u00fctzt geh\u00f6ren und das muss einfach die oberste Priorit\u00e4t haben.&#8220;<\/em><\/p>\n\n\n\n<p>Ober\u00f6sterreichischer Landesrat Stefan Kaineder im \u00d61-Interview <\/p>\n\n\n\n<p>Gesamte Beitr\u00e4ge des Morgenjournals: <\/p>\n\n\n\n<p><strong>7:09&nbsp;&nbsp;&nbsp; Bodenversiegelung: Debatte um Kompetenzen<\/strong><\/p>\n\n\n\n<p><a href=\"https:\/\/oe1.orf.at\/player\/20210812\/648232\/1628744952000\">https:\/\/oe1.orf.at\/player\/20210812\/648232\/1628744952000<\/a><\/p>\n\n\n\n<p><strong>7:11&nbsp;&nbsp;&nbsp; Umweltlandesrat: Es braucht strenge Raumordnungsgesetze auf Landesebene<\/strong><\/p>\n\n\n\n<p><a href=\"https:\/\/oe1.orf.at\/player\/20210812\/648232\/1628745072410\">https:\/\/oe1.orf.at\/player\/20210812\/648232\/1628745072410<\/a><\/p>\n\n\n\n<p>Die im Beitrag erw\u00e4hnten Bodenfunktionskarten finden sich auf der <a rel=\"noreferrer noopener\" href=\"https:\/\/www.doris.at\/themen\/umwelt\/boden.aspx\" target=\"_blank\">interaktiven Bodenkarte des Landes Ober\u00f6sterreich<\/a>.<\/p>\n","protected":false},"excerpt":{"rendered":"<p>\u00d61-Morgenjournal vom 12.08.2021 zum Thema Bodenschutz &#8222;Bodenschutz ist Hochwasserschutz. (\u2026) Ein m2 gesunder Boden kann eine ganze Badewanne Regenwasser aufnehmen und dieses Wasser ist nicht gleich in den Fl\u00fcssen, die dann \u00fcber die Ufer treten.&#8220; &#8222;Wir m\u00fcssen uns schon die Frage stellen, wo w\u00e4chst denn unser Essen in Zukunft, wenn wir im Land der \u00c4cker&hellip; <a class=\"more-link\" href=\"https:\/\/erlebnis-parkplatz.net\/?page_id=7136\"><span class=\"screen-reader-text\">\u00d61: Der Boden und die Badewanne<\/span> weiterlesen<\/a><\/p>\n","protected":false},"author":2,"featured_media":7137,"parent":6964,"menu_order":0,"comment_status":"closed","ping_status":"closed","template":"","meta":{"footnotes":""},"class_list":["post-7136","page","type-page","status-publish","has-post-thumbnail","hentry","entry"],"_links":{"self":[{"href":"https:\/\/erlebnis-parkplatz.net\/index.php?rest_route=\/wp\/v2\/pages\/7136","targetHints":{"allow":["GET"]}}],"collection":[{"href":"https:\/\/erlebnis-parkplatz.net\/index.php?rest_route=\/wp\/v2\/pages"}],"about":[{"href":"https:\/\/erlebnis-parkplatz.net\/index.php?rest_route=\/wp\/v2\/types\/page"}],"author":[{"embeddable":true,"href":"https:\/\/erlebnis-parkplatz.net\/index.php?rest_route=\/wp\/v2\/users\/2"}],"replies":[{"embeddable":true,"href":"https:\/\/erlebnis-parkplatz.net\/index.php?rest_route=%2Fwp%2Fv2%2Fcomments&post=7136"}],"version-history":[{"count":2,"href":"https:\/\/erlebnis-parkplatz.net\/index.php?rest_route=\/wp\/v2\/pages\/7136\/revisions"}],"predecessor-version":[{"id":7139,"href":"https:\/\/erlebnis-parkplatz.net\/index.php?rest_route=\/wp\/v2\/pages\/7136\/revisions\/7139"}],"up":[{"embeddable":true,"href":"https:\/\/erlebnis-parkplatz.net\/index.php?rest_route=\/wp\/v2\/pages\/6964"}],"wp:featuredmedia":[{"embeddable":true,"href":"https:\/\/erlebnis-parkplatz.net\/index.php?rest_route=\/wp\/v2\/media\/7137"}],"wp:attachment":[{"href":"https:\/\/erlebnis-parkplatz.net\/index.php?rest_route=%2Fwp%2Fv2%2Fmedia&parent=7136"}],"curies":[{"name":"wp","href":"https:\/\/api.w.org\/{rel}","templated":true}]}}