{"id":7079,"date":"2023-07-09T10:45:23","date_gmt":"2023-07-09T09:45:23","guid":{"rendered":"https:\/\/erlebnis-parkplatz.net\/?page_id=7079"},"modified":"2024-07-05T13:03:57","modified_gmt":"2024-07-05T12:03:57","slug":"entsiegeln-das-dauert","status":"publish","type":"page","link":"https:\/\/erlebnis-parkplatz.net\/?page_id=7079","title":{"rendered":"Entsiegeln &#8211; das dauert"},"content":{"rendered":"\n<p><strong>Unversiegelte B\u00f6den dienen zahlreichen Lebewesen unter und auf der Erde als Lebensgrundlage und helfen uns, unsere \u00d6kosysteme, die Artenvielfalt und die genetische Vielfalt der der Tiere und Pflanzen zu erhalten. Sie zu versiegeln geht schnell &#8211; Entsiegeln um Einiges langsamer. <\/strong><\/p>\n\n\n\n<p>Werden B\u00f6den versiegelt, gehen alle biologischen Funktionen verloren. Dieser Prozess ist schwer r\u00fcckg\u00e4ngig zu machen. Die Entsiegelung von B\u00f6den ist ein kostspieliger und zeitaufwendiger Prozess. Zu bedenken ist auch, dass die Bodenneubildung langwierig ist, denn die Neubildung von 1 cm Humus dauert 100 bis 200 Jahre.<\/p>\n\n\n\n<p>Ver\u00f6ffentlicht am 10. August 2021<\/p>\n\n\n\n<p><strong>Quellen<\/strong>: <br>Umweltbundesamt (\u00d6sterreich): <a rel=\"noreferrer noopener\" href=\"https:\/\/www.umweltbundesamt.at\/umweltthemen\/boden\/flaecheninanspruchnahme\" target=\"_blank\">Fl\u00e4cheninanspruchnahme<\/a><br>Bundesamt f\u00fcr Umwelt (Schweiz): <a rel=\"noreferrer noopener\" href=\"https:\/\/www.bafu.admin.ch\/bafu\/de\/home\/themen\/boden\/fachinformationen\/boden-und-seine-funktionen.html\" target=\"_blank\">Boden und seine Funktionen<\/a><\/p>\n","protected":false},"excerpt":{"rendered":"<p>Unversiegelte B\u00f6den dienen zahlreichen Lebewesen unter und auf der Erde als Lebensgrundlage und helfen uns, unsere \u00d6kosysteme, die Artenvielfalt und die genetische Vielfalt der der Tiere und Pflanzen zu erhalten. Sie zu versiegeln geht schnell &#8211; Entsiegeln um Einiges langsamer. Werden B\u00f6den versiegelt, gehen alle biologischen Funktionen verloren. Dieser Prozess ist schwer r\u00fcckg\u00e4ngig zu machen.&hellip; <a class=\"more-link\" href=\"https:\/\/erlebnis-parkplatz.net\/?page_id=7079\"><span class=\"screen-reader-text\">Entsiegeln &#8211; das dauert<\/span> weiterlesen<\/a><\/p>\n","protected":false},"author":2,"featured_media":4288,"parent":6964,"menu_order":0,"comment_status":"closed","ping_status":"closed","template":"","meta":{"footnotes":""},"class_list":["post-7079","page","type-page","status-publish","has-post-thumbnail","hentry","entry"],"_links":{"self":[{"href":"https:\/\/erlebnis-parkplatz.net\/index.php?rest_route=\/wp\/v2\/pages\/7079","targetHints":{"allow":["GET"]}}],"collection":[{"href":"https:\/\/erlebnis-parkplatz.net\/index.php?rest_route=\/wp\/v2\/pages"}],"about":[{"href":"https:\/\/erlebnis-parkplatz.net\/index.php?rest_route=\/wp\/v2\/types\/page"}],"author":[{"embeddable":true,"href":"https:\/\/erlebnis-parkplatz.net\/index.php?rest_route=\/wp\/v2\/users\/2"}],"replies":[{"embeddable":true,"href":"https:\/\/erlebnis-parkplatz.net\/index.php?rest_route=%2Fwp%2Fv2%2Fcomments&post=7079"}],"version-history":[{"count":1,"href":"https:\/\/erlebnis-parkplatz.net\/index.php?rest_route=\/wp\/v2\/pages\/7079\/revisions"}],"predecessor-version":[{"id":7080,"href":"https:\/\/erlebnis-parkplatz.net\/index.php?rest_route=\/wp\/v2\/pages\/7079\/revisions\/7080"}],"up":[{"embeddable":true,"href":"https:\/\/erlebnis-parkplatz.net\/index.php?rest_route=\/wp\/v2\/pages\/6964"}],"wp:featuredmedia":[{"embeddable":true,"href":"https:\/\/erlebnis-parkplatz.net\/index.php?rest_route=\/wp\/v2\/media\/4288"}],"wp:attachment":[{"href":"https:\/\/erlebnis-parkplatz.net\/index.php?rest_route=%2Fwp%2Fv2%2Fmedia&parent=7079"}],"curies":[{"name":"wp","href":"https:\/\/api.w.org\/{rel}","templated":true}]}}