{"id":7072,"date":"2023-07-09T08:49:15","date_gmt":"2023-07-09T07:49:15","guid":{"rendered":"https:\/\/erlebnis-parkplatz.net\/?page_id=7072"},"modified":"2024-07-05T13:06:02","modified_gmt":"2024-07-05T12:06:02","slug":"die-uno-die-haager-boeden","status":"publish","type":"page","link":"https:\/\/erlebnis-parkplatz.net\/?page_id=7072","title":{"rendered":"Die UNO &#038; die Haager B\u00f6den"},"content":{"rendered":"\n<p><strong>Die derzeitige Bodenschutzpolitik der Haager Gemeinderats (keine Begrenzung des Fl\u00e4chenverbrauchs, laufende Umwidmungen &amp; Versiegelung usw.) gef\u00e4hrden die von der UNO verabschiedeten und auch f\u00fcr Haag am Hausruck verpflichtenden Nachhaltigkeitsziele der Agenda 2030.<\/strong><\/p>\n\n\n\n<h2 class=\"wp-block-heading\"><a><span style=\"color:#29cd91\" class=\"has-inline-color\">Unsere Agenda 2030<\/span><\/a><\/h2>\n\n\n\n<p class=\"has-drop-cap\">Bei einem hochrangigen Gipfeltreffen der <strong>UNO<\/strong> (Vereinte Nationen)<strong> <\/strong>vom 25. bis 27. September 2015<strong> <\/strong>wurde die<strong> &#8222;Agenda 2030 f\u00fcr nachhaltige Entwicklung&#8220; <\/strong>unter dem Titel <em>&#8222;Transformation unserer Welt: die Agenda 2030 f\u00fcr nachhaltige Entwicklung&#8220;<\/em> beschlossen<strong>. <\/strong>Alle 193 Mitgliedstaaten der Vereinten Nationen \u2013 darunter <strong>auch \u00d6sterreich \u2013 verpflichten sich, auf die Umsetzung<\/strong> der Agenda 2030<strong> <\/strong>mit ihren 17<strong> nachhaltigen Entwicklungszielen <\/strong>(Sustainable Development Goals, SDGs) <strong>auf <\/strong>nationaler, <strong>regionaler <\/strong>und internationaler <strong>Ebene <\/strong>bis zum Jahr 2030 <strong>hinzuarbeiten.<\/strong> Der Gemeinderat von <strong>Haag am Hausruck ist also ebenfalls verpflichtet, auf diese Ziele hinzuarbeiten<\/strong>. N\u00e4here Informationen zur Agenda 2030 und ihrer Umsetzung in \u00d6sterreich finden sich auf der <a href=\"https:\/\/www.bundeskanzleramt.gv.at\/themen\/nachhaltige-entwicklung-agenda-2030.html\" target=\"_blank\" rel=\"noreferrer noopener\">Seite des Bundeskanzleramtes<\/a>.<\/p>\n\n\n\n<p>Im Zusammenhang mit der geplanten Umwidmung von landwirtschaftlichen Fl\u00e4chen sind in Bezug auf die Agenda 2030 insbesondere folgende Punkte von Bedeutung:<\/p>\n\n\n\n<ul class=\"wp-block-list\">\n<li><strong>Nachhaltige Entwicklung ist verfassungsrechtlich als Staatsziel deklariert.<\/strong><\/li>\n\n\n\n<li>Dem \u201eMainstreaming&#8220;-Ansatz folgend, integrieren s\u00e4mtliche Bundesministerien seit 2016 die SDGs in ihre Strategien und Programme und arbeiten entsprechende Aktionspl\u00e4ne und Ma\u00dfnahmen in ihren T\u00e4tigkeitsbereichen aus.<\/li>\n\n\n\n<li>Die interministerielle Arbeitsgruppe zur Agenda 2030 (IMAG) koordiniert und kommuniziert die wesentlichen Ma\u00dfnahmen zur Umsetzung der SDGs.<\/li>\n\n\n\n<li>Die <strong>nachhaltigen Entwicklungsziele (SDGs) sind in bundesweiten \u00f6sterreichischen Strategiedokumenten verankert<\/strong>: Klima- und Energiestrategie, Dreijahresprogramm der Entwicklungspolitik, Gesundheitsziele, Jugendstrategie und Au\u00dfenwirtschaftsstrategie. <strong>Auch \u00d6sterreichs Bundesl\u00e4nder nehmen in ihren Strategiedokumenten auf die SDGs Bezug.<\/strong><\/li>\n\n\n\n<li>Vertreterinnen und Vertreter der Bundesl\u00e4nder, St\u00e4dte und <strong>Gemeinden<\/strong> sowie Sozialpartner und Stakeholder aus Zivilgesellschaft, Wirtschaft und Wissenschaft stehen im Sinne eines \u201eMulti-Stakeholder-Ansatzes\u201c im Austausch mit der IMAG und <strong>engagieren sich f\u00fcr die SDG-Umsetzung<\/strong>.<\/li>\n<\/ul>\n\n\n\n<h2 class=\"wp-block-heading\"><strong><a><span style=\"color:#29cd91\" class=\"has-inline-color\">F\u00fcr uns wichtige Ziele<\/span><\/a><\/strong><\/h2>\n\n\n\n<p class=\"has-drop-cap\"><strong>Es werden durch die Umwidmung f\u00fcr Betriebsansiedlungen zur Sportplatzstrasse hin insbesondere folgende Ziele der Agenda 2030 gef\u00e4hrdet:<\/strong><\/p>\n\n\n\n<p><strong><span style=\"color:#29cd91\" class=\"has-inline-color\">Ziel 11: St\u00e4dte und Siedlungen inklusiv, sicher, widerstandsf\u00e4hig und nachhaltig gestalten<\/span><\/strong><\/p>\n\n\n\n<p><strong><em>Ziel 11.3<\/em><\/strong> <strong>Bis 2030 die Verst\u00e4dterung inklusiver und nachhaltiger gestalten und die Kapazit\u00e4ten f\u00fcr eine partizipatorische, integrierte und nachhaltige Siedlungsplanung und -steuerung in allen L\u00e4ndern verst\u00e4rken<\/strong><br><em>-&gt; die vorliegende Umwidmung widerspricht einer partizipatorischen, integrierten und nachhaltigen Siedlungsplanung und \u2013steuerung. Ich habe z.B. pers\u00f6nlich trotz Anforderung vor Ablauf der Einspruchsfrist vom Gemeindeamt nicht einmal das Protokoll der Gemeinderatssitzung erhalten, an der das Widmungsverfahren eingeleitet wurde.<\/em><\/p>\n\n\n\n<p><strong><span style=\"color:#29cd91\" class=\"has-inline-color\">Ziel 13: Umgehend Ma\u00dfnahmen zur Bek\u00e4mpfung des Klimawandels und seiner Auswirkungen ergreifen<\/span><\/strong><br><em><strong>-&gt; <\/strong>die geplante Betriebsansiedlung versiegelt Boden, was die Hochwassergefahr verst\u00e4rkt und die Lebensmittelproduktion reduziert Sie f\u00fchrt weiters zu einer Zunahme des motorisierten Verkehrs<\/em>.<\/p>\n\n\n\n<p><mark style=\"background-color:rgba(0, 0, 0, 0);color:#29cd91\" class=\"has-inline-color\"><strong>Ziel 15:<\/strong> <strong>Leben an Land<\/strong><\/mark><\/p>\n\n\n\n<p><strong><em>Ziel 15.5<\/em><\/strong> <em><strong>Umgehende und bedeutende Ma\u00dfnahmen ergreifen, um die Verschlechterung der nat\u00fcrlichen Lebensr\u00e4ume zu verringern, dem Verlust der biologischen Vielfalt ein Ende zu setzen und bis 2020 die bedrohten Arten zu sch\u00fctzen und ihr Aussterben zu verhindern<\/strong><\/em>.<br><em><strong>-&gt; <\/strong>die landwirtschaftlichen Fl\u00e4chen sind von zentraler Bedeutung f\u00fcr die Erhaltung der Biodiversit\u00e4t \u2013 durch ihre Umwidmung wird der Verlust der biologischen Vielfalt &amp; der Artenverlust verst\u00e4rkt \u2013 also genau das Gegenteil der eingegangenen Verpflichtung.<\/em><\/p>\n\n\n\n<p><strong><em>Ziel 15.9<\/em><\/strong> <strong>Bis 2020 \u00d6kosystem- und Biodiversit\u00e4tswerte in die nationalen und lokalen Planungen, Entwicklungsprozesse, Armutsbek\u00e4mpfungsstrategien und Gesamtrechnungssysteme einbeziehen. <\/strong><br><em>-&gt; in der Debatte im Gemeinderat vor der Einleitung des Widmungsverfahrens waren \u00d6kosystem- und Biodiversit\u00e4tswerte keinerlei Thema.<\/em> <\/p>\n\n\n\n<p>Ver\u00f6ffentlicht am 8. August 2021, \u00dcberarbeitung am 9. Juli 2023<\/p>\n\n\n\n<p>Quelle Bild: <a href=\"https:\/\/www.land-oberoesterreich.gv.at\/Mediendateien\/LK\/Pr%C3%A4sentation%20Bodenbedarf%20f%C3%BCr%20Ern%C3%A4hrungssicherheit%20in%20%C3%96%20AGES.PDF\">https:\/\/www.land-oberoesterreich.gv.at\/Mediendateien\/LK\/Pr%C3%A4sentation%20Bodenbedarf%20f%C3%BCr%20Ern%C3%A4hrungssicherheit%20in%20%C3%96%20AGES.PDF<\/a><\/p>\n","protected":false},"excerpt":{"rendered":"<p>Die derzeitige Bodenschutzpolitik der Haager Gemeinderats (keine Begrenzung des Fl\u00e4chenverbrauchs, laufende Umwidmungen &amp; Versiegelung usw.) gef\u00e4hrden die von der UNO verabschiedeten und auch f\u00fcr Haag am Hausruck verpflichtenden Nachhaltigkeitsziele der Agenda 2030. Unsere Agenda 2030 Bei einem hochrangigen Gipfeltreffen der UNO (Vereinte Nationen) vom 25. bis 27. September 2015 wurde die &#8222;Agenda 2030 f\u00fcr nachhaltige&hellip; <a class=\"more-link\" href=\"https:\/\/erlebnis-parkplatz.net\/?page_id=7072\"><span class=\"screen-reader-text\">Die UNO &#038; die Haager B\u00f6den<\/span> weiterlesen<\/a><\/p>\n","protected":false},"author":2,"featured_media":7073,"parent":6936,"menu_order":0,"comment_status":"closed","ping_status":"closed","template":"","meta":{"footnotes":""},"class_list":["post-7072","page","type-page","status-publish","has-post-thumbnail","hentry","entry"],"_links":{"self":[{"href":"https:\/\/erlebnis-parkplatz.net\/index.php?rest_route=\/wp\/v2\/pages\/7072","targetHints":{"allow":["GET"]}}],"collection":[{"href":"https:\/\/erlebnis-parkplatz.net\/index.php?rest_route=\/wp\/v2\/pages"}],"about":[{"href":"https:\/\/erlebnis-parkplatz.net\/index.php?rest_route=\/wp\/v2\/types\/page"}],"author":[{"embeddable":true,"href":"https:\/\/erlebnis-parkplatz.net\/index.php?rest_route=\/wp\/v2\/users\/2"}],"replies":[{"embeddable":true,"href":"https:\/\/erlebnis-parkplatz.net\/index.php?rest_route=%2Fwp%2Fv2%2Fcomments&post=7072"}],"version-history":[{"count":2,"href":"https:\/\/erlebnis-parkplatz.net\/index.php?rest_route=\/wp\/v2\/pages\/7072\/revisions"}],"predecessor-version":[{"id":7075,"href":"https:\/\/erlebnis-parkplatz.net\/index.php?rest_route=\/wp\/v2\/pages\/7072\/revisions\/7075"}],"up":[{"embeddable":true,"href":"https:\/\/erlebnis-parkplatz.net\/index.php?rest_route=\/wp\/v2\/pages\/6936"}],"wp:featuredmedia":[{"embeddable":true,"href":"https:\/\/erlebnis-parkplatz.net\/index.php?rest_route=\/wp\/v2\/media\/7073"}],"wp:attachment":[{"href":"https:\/\/erlebnis-parkplatz.net\/index.php?rest_route=%2Fwp%2Fv2%2Fmedia&parent=7072"}],"curies":[{"name":"wp","href":"https:\/\/api.w.org\/{rel}","templated":true}]}}