{"id":6936,"date":"2023-07-06T11:18:01","date_gmt":"2023-07-06T10:18:01","guid":{"rendered":"https:\/\/erlebnis-parkplatz.net\/?page_id=6936"},"modified":"2024-07-05T13:06:02","modified_gmt":"2024-07-05T12:06:02","slug":"haag-die-welt","status":"publish","type":"page","link":"https:\/\/erlebnis-parkplatz.net\/?page_id=6936","title":{"rendered":"Haag &#038; die Welt"},"content":{"rendered":"\n<p><strong>Ist Haag ein abgeschlossenes Reich mit einer eigenen Regierung, die machen kann, was sie will? Ganz klar: Nein. Wir sind erstens Teil eines Rechtsstaates, dessen Gesetze auch in Haag gelten. Zweitens sind wir Teil der Weltgemeinschaft, f\u00fcr all deren Mitglieder das V\u00f6lkerrecht und die Menschenrechte gelten. Das ist super. Denn es hei\u00dft, dass wir alle &#8211; alle Erdenb\u00fcrger:innen &#8211; Grundrechte haben, die uns Schutz und Sicherheit geben. <\/strong><\/p>\n\n\n\n<ul class=\"wp-block-list\">\n<li><a rel=\"noreferrer noopener\" href=\"https:\/\/erlebnis-parkplatz.net\/?page_id=6937\" target=\"_blank\">Besser informiert und regiert &#8211; dank Mitsprache<\/a> &#8211; Infos \u00fcber die Vorteile direkter Demokratie (am Beispiel Schweiz &amp; Bodenschutz)<\/li>\n\n\n\n<li><a href=\"https:\/\/erlebnis-parkplatz.net\/?page_id=7051\" target=\"_blank\" rel=\"noreferrer noopener\">Klima- und Energiemodell Haag<\/a> &#8211; eine \u00dcbersicht \u00fcber den Stand der Dinge, der Ziele, die sich Haag als Teil der Energie- und Modellregion \u201cMostlandl Hausruck\u201d in Bezug auf den Bodenschutz gesetzt hat. <\/li>\n\n\n\n<li><a href=\"https:\/\/erlebnis-parkplatz.net\/?page_id=7072\" target=\"_blank\" rel=\"noreferrer noopener\">Die UNO und die Haager B\u00f6den<\/a> &#8211; Einblick in die internationalen Verpflichtungen, die f\u00fcr die Haager B\u00f6den gelten. <\/li>\n<\/ul>\n","protected":false},"excerpt":{"rendered":"<p>Ist Haag ein abgeschlossenes Reich mit einer eigenen Regierung, die machen kann, was sie will? Ganz klar: Nein. Wir sind erstens Teil eines Rechtsstaates, dessen Gesetze auch in Haag gelten. Zweitens sind wir Teil der Weltgemeinschaft, f\u00fcr all deren Mitglieder das V\u00f6lkerrecht und die Menschenrechte gelten. Das ist super. Denn es hei\u00dft, dass wir alle&hellip; <a class=\"more-link\" href=\"https:\/\/erlebnis-parkplatz.net\/?page_id=6936\"><span class=\"screen-reader-text\">Haag &#038; die Welt<\/span> weiterlesen<\/a><\/p>\n","protected":false},"author":2,"featured_media":0,"parent":0,"menu_order":0,"comment_status":"closed","ping_status":"closed","template":"","meta":{"footnotes":""},"class_list":["post-6936","page","type-page","status-publish","hentry","entry"],"_links":{"self":[{"href":"https:\/\/erlebnis-parkplatz.net\/index.php?rest_route=\/wp\/v2\/pages\/6936","targetHints":{"allow":["GET"]}}],"collection":[{"href":"https:\/\/erlebnis-parkplatz.net\/index.php?rest_route=\/wp\/v2\/pages"}],"about":[{"href":"https:\/\/erlebnis-parkplatz.net\/index.php?rest_route=\/wp\/v2\/types\/page"}],"author":[{"embeddable":true,"href":"https:\/\/erlebnis-parkplatz.net\/index.php?rest_route=\/wp\/v2\/users\/2"}],"replies":[{"embeddable":true,"href":"https:\/\/erlebnis-parkplatz.net\/index.php?rest_route=%2Fwp%2Fv2%2Fcomments&post=6936"}],"version-history":[{"count":2,"href":"https:\/\/erlebnis-parkplatz.net\/index.php?rest_route=\/wp\/v2\/pages\/6936\/revisions"}],"predecessor-version":[{"id":7099,"href":"https:\/\/erlebnis-parkplatz.net\/index.php?rest_route=\/wp\/v2\/pages\/6936\/revisions\/7099"}],"wp:attachment":[{"href":"https:\/\/erlebnis-parkplatz.net\/index.php?rest_route=%2Fwp%2Fv2%2Fmedia&parent=6936"}],"curies":[{"name":"wp","href":"https:\/\/api.w.org\/{rel}","templated":true}]}}