{"id":6876,"date":"2023-07-06T07:59:20","date_gmt":"2023-07-06T06:59:20","guid":{"rendered":"https:\/\/erlebnis-parkplatz.net\/?page_id=6876"},"modified":"2024-07-05T13:06:02","modified_gmt":"2024-07-05T12:06:02","slug":"offene-tueren","status":"publish","type":"page","link":"https:\/\/erlebnis-parkplatz.net\/?page_id=6876","title":{"rendered":"Offene T\u00fcren"},"content":{"rendered":"\n<h2 class=\"wp-block-heading\" id=\"\u00dcbersicht\">\u00dcbersicht<\/h2>\n\n\n\n<p id=\"Zusammenfassung\"><a href=\"#Zusammenfassung\">Zusammenfassung<\/a><br><a href=\"#Worum-geht-es\">Worum geht es?<\/a><br><a href=\"#Die-Transparenz-Initiative\">Die Transparenz-Initiative<\/a><br><a href=\"#Wie-transparent-ist-Haag\">Wie transparent ist Haag<\/a><a href=\"#Wie transparent ist Haag\">?<\/a><br><a href=\"#Unterschriftenliste\">Unterschriftenliste<\/a><br><a href=\"#Forderungen-und-deren-Begr\u00fcndung\">Forderungen und deren Begr\u00fcndung<\/a><br><a href=\"#Warum-diese-Initiative\">Warum diese Initiative?<\/a><br><a href=\"#Zitat-Haager-B\u00fcrgermeister\">Zitat Haager B\u00fcrgermeister<\/a><br><a href=\"#Beispiele und Ideen\">Beispiele und Ideen<\/a><\/p>\n\n\n\n<h2 class=\"wp-block-heading\" id=\"Zusammenfassung\">Zusammenfassung<\/h2>\n\n\n\n<p>Die Mitglieder des Gemeinderates entscheiden \u00fcber wichtige Belange und die Ausrichtung von Haag. Sie arbeiten f\u00fcr die Bev\u00f6lkerung \u2013 f\u00fcr uns. Deswegen setze ich mich gemeinsam mit Verb\u00fcndeten f\u00fcr eine Politik der offenen T\u00fcren ein.<\/p>\n\n\n\n<p>Ich habe dazu u.a. eine B\u00fcrger:innen-Initiative mitgestartet, die mehr Transparenz in die Gemeindepolitik brachte. Nicht alle finden das toll und es gibt Gegenwind aus den Fraktionen \u00d6VP, SP\u00d6 und FP\u00d6, insbesondere in Bezug auf das Recht von B\u00fcrger:innen, dem Gemeinderat kritische Fragen zu stellen (und nicht nur genehme).<\/p>\n\n\n\n<p><a href=\"#\u00dcbersicht\">zur\u00fcck zur \u00dcbersicht<\/a><\/p>\n\n\n\n<h2 class=\"wp-block-heading\" id=\"Worum-geht-es\">Worum geht es?<\/h2>\n\n\n\n<p>Die Aktivit\u00e4ten des Gemeinderates haben eine direkte Auswirkung auf uns alle. Ein einfacher, niederschwellige Zugang \u00fcber diese Informationen ist darum sehr wichtig \u2013 und stellte sich gleichzeitig als schwierig heraus. Das m\u00f6chte ich \u00e4ndern \u2013 und jene Kr\u00e4fte im Gemeinderat unterst\u00fctzen, die genau das anstreben.<\/p>\n\n\n\n<p>Wenn wir offen \u00fcber die Diskussionen im Gemeinderat informiert werden, dann dient das dem Gemeinwohl, gelebter Demokratie, unserem Zusammenhalt und hilft, Entscheidungen breit abzust\u00fctzen.<\/p>\n\n\n\n<p><a href=\"#\u00dcbersicht\">zur\u00fcck zur \u00dcbersicht<\/a><\/p>\n\n\n\n<h2 class=\"wp-block-heading\" id=\"Die-Transparenz-Initiative\">Die Transparenz-Initiative<\/h2>\n\n\n\n<p>Deshalb haben ich gemeinsam mit zwei weiteren Personen am 28.02.2022 eine B\u00fcrger:innen-Initiative \u201cOffene T\u00fcren: Transparenzpaket Gemeinderatssitzungen\u201d gestartet, die am 17.03.2022 im Gemeinderat behandelt wurde.<\/p>\n\n\n\n<p><strong>Die Initiative hatte zum Ziel, dass die Bev\u00f6lkerung einfacheren Zugang zu den Infos des Gemeinderates bekommt, die sie direkt betreffen bzw. von \u00f6ffentlichem Interesse sind.<\/strong> <\/p>\n\n\n\n<p>Bei der Sitzung vom 17.03.2022 wurden unsere Forderungen einzeln besprochen und es wurde ihnen teilweise entsprochen. Bez\u00fcglich der Forderung einer \u00dcbertragung des Livestreams wurde eine weitere Pr\u00fcfung beschlossen. An der Sitzung vom 30.04.2023 wurde dann die Frage-Stunde bis zu einer \u00dcberarbeitung ausgesetzt wird. <\/p>\n\n\n\n<p>Weder der Livestream noch die Fragestunde waren seit den Beschl\u00fcssen, dass sie weiter diskutiert bzw. \u00fcberarbeitet werden wieder Thema im Gemeinderat. Dies erweckt den Eindruck, dass es dem Gemeinderat bei diesen Entscheidungen nicht darum ging, Transparenz durch die fundierte Diskussion der besten L\u00f6sungen zu f\u00f6rdern, sondern eher darum, unliebsame Themen in der Schublade zu versorgen. <\/p>\n\n\n\n<p>Der Gemeinderat darf durch entsprechende konkrete Taten (Information \u00fcber Stand der Dinge bzgl. Livestream und Pr\u00e4sentation eines Vorschlags f\u00fcr die Verbesserung der B\u00fcrger:innen-Fragestunde an der n\u00e4chsten Gemeinderatssitzung) gerne aufzeigen, dass dieser Eindruck falsch ist :)<\/p>\n\n\n\n<p><a href=\"#\u00dcbersicht\">zur\u00fcck zur \u00dcbersicht<\/a><\/p>\n\n\n\n<h2 class=\"wp-block-heading\" id=\"Wie-transparent-ist-Haag\">Wie transparent ist Haag?<\/h2>\n\n\n\n<figure class=\"wp-block-table\"><table><tbody><tr><td><strong>Forderung B\u00fcrger:innen-Initiative<\/strong><\/td><td><strong>Beschl\u00fcsse Gemeinderat<\/strong><\/td><\/tr><tr><td><strong>Ank\u00fcndigung der Gemeinderatssitzungen auf dem Veranstaltungskalender der Gemeinde-Website und auf der Gem2Go-App.<\/strong><\/td><td>Der Forderung wurde mir Beschluss vom 17.03.2022 <strong>entsprochen<\/strong>. Der Veranstaltungskalender ist <a rel=\"noreferrer noopener\" href=\"https:\/\/www.haag-hausruck.at\/Unser_Haag\/Veranstaltungen\" target=\"_blank\">hier<\/a> abrufbar. Wenn ihr alle geplanten Gemeinderatssitzungen des laufenden Jahres sehen wollte, dann w\u00e4hlt dort die Kategorie \u201cVersammlungen\u201d aus.<br>Auf der Gem2Go-App (Smartphone) kann man Push-Nachrichten abonnieren und wird dann verst\u00e4ndigt, bevor eine Veranstaltung der abonnierten Kategorie stattfindet. N\u00e4here Infos zur M\u00f6glichkeit einer vorg\u00e4ngigen Erinnerung an Gemeinderatssitzungen gibt\u2019s <a rel=\"noreferrer noopener\" href=\"https:\/\/www.gem2go.info\/Push-Nachrichten_in_GEM2GO_Tipps_Tricks\" target=\"_blank\">hier<\/a>.<\/td><\/tr><tr><td><strong>Abhalten der Gemeinderatssitzungen in einem Raum mit guter Akustik, die optimales Verstehen der Diskussionen gew\u00e4hrleistet.<\/strong><br>(Hintergrund: Corona-bedingtes Abhalten in Turnhalle mit schlechter Akkustik, Vorschlag: Abhalten im Pfarrsaal)<\/td><td>Sitzungen k\u00f6nnten gem\u00e4\u00df Beschluss vom 17.03.2022 <strong>in Zukunft bei Bedarf und Verf\u00fcgbarkeit im Pfarrsaal <\/strong>stattfinden.<\/td><\/tr><tr><td><strong>Livestream der Gemeinderatssitzungen, um neben dem Zuh\u00f6ren durch Anwesenheit auch Zuh\u00f6ren \u00fcber den Livestream zu erm\u00f6glichen.<\/strong><\/td><td>Eine \u00dcbertragung der Gemeinderatssitzung \u00fcber Livestream <strong>wird <\/strong>gem\u00e4\u00df Beschluss vom 17.03.2022 <strong>noch unter den Fraktionen besprochen<\/strong>, die <strong>technische Umsetzung wird noch \u00fcberpr\u00fcft.<\/strong><br>Stand 06.07.2023: Es wurde noch nicht \u00fcber das Ergebnis der Pr\u00fcfung informiert.<\/td><\/tr><tr><td><strong>Aufzeichnung der Gemeinderatssitzungen<br>sowie optionales Schalten auf Gemeindewebsite, direkt oder mittels Link.<\/strong><\/td><td>Die <em>(amtliche, Anm.) <\/em>Aufzeichnung der Gemeinderatssitzung ist<strong> gem\u00e4\u00df Gemeinderat nur f\u00fcr die Schriftf\u00fchrung zul\u00e4ssig. <\/strong>Eine Bereitstellung dieser Audiodatei sei leider aus Datenschutzgr\u00fcnden nicht m\u00f6glich.<br><strong>Wichtige Anmerkung:<\/strong> <strong>Den Zuh\u00f6renden ist gem\u00e4\u00df <a rel=\"noreferrer noopener\" href=\"https:\/\/www.jusline.at\/gesetz\/ooe_gemo_1990\/gesamt\" target=\"_blank\">o\u00f6. Gemeindeordnung<\/a> ein Aufzeichnen der Sitzung explizit erlaubt: <\/strong>Siehe <a rel=\"noreferrer noopener\" href=\"https:\/\/www.jusline.at\/gesetz\/ooe_gemo_1990\/paragraf\/53\" target=\"_blank\">Par. 53<\/a> (1) <em>Die Sitzungen des Gemeinderates sind \u00f6ffentlich. Die \u00d6ffentlichkeit besteht darin, da\u00df jedermann nach Ma\u00dfgabe des vorhandenen Platzes berechtigt ist, zuzuh\u00f6ren und sich Aufzeichnungen zu machen.<\/em> (4): <em><strong>\u201cEine visuelle oder akkustische Aufzeichnung der Sitzung ist zul\u00e4ssig\u201d <\/strong><\/em>und <a rel=\"noreferrer noopener\" href=\"https:\/\/www.jusline.at\/gesetz\/ooe_gemo_1990\/paragraf\/54\" target=\"_blank\">Par. 54<\/a>: \u201c<em>Mit der Beisetzung des Vermerks bzw. mit dem Beschluss \u00fcber die Einwendungen gilt die Verhandlungsschrift als genehmigt; allenfalls angefertigte <mark>amtliche<\/mark> Aufzeichnungen, die bis dahin evident zu halten sind, sind unverz\u00fcglich zu l\u00f6schen<\/em>\u201c.<\/td><\/tr><tr><td><strong>Fragem\u00f6glichkeit f\u00fcr vor Ort und Online Anwesende<\/strong><\/td><td>Einer <strong>Onlinefragem\u00f6glichkeit wurde nicht zugestimmt.<\/strong> Eine Fragem\u00f6glichkeit f\u00fcr anwesende Zuschauer:innen wurde mit Beschluss am vom 17.03.2022 <strong>zuerst erm\u00f6glicht<\/strong> Dann hat der Gemeinderat am 20.04.2023 die  Fraktionsobleute beauftragt, die Fragestunde zu \u00fcberarbeiten und sie in der Zwischenzeit eingestellt (Details siehe <a rel=\"noreferrer noopener\" href=\"https:\/\/erlebnis-parkplatz.net\/?page_id=6865\" target=\"_blank\">Fragestunde<\/a>).<\/td><\/tr><tr><td><strong>Ver\u00f6ffentlichung der Sitzungsprotokolle auf der Gemeindewebsite<br><em>1. innerhalb von 7 Tagen nach ihrer Genehmigung in durchsuchbarem Format sowie Integration in die Suchfunktion der Website<\/em><\/strong>.<br><strong><em>2. Ver\u00f6ffentlichung aller Sitzungsprotokolle seit Juli 2020<\/em><\/strong>.<\/td><td><br><br><br><br>1. Der Forderung nach einem Schalten der Protokolle <strong>innert 7 Tagen wurde nicht entsprochen.<\/strong><br><br>2. Es werden <strong>nur die Protokolle der neuen Gemeinderatsperiode geschaltet<\/strong> (ab Herbst 2021). Die Protokolle der Gemeinderats-sitzungen seit Herbst 2021 sind <a href=\"https:\/\/www.haag-hausruck.at\/Marktgemeindeamt\/Politik\/Gemeinderat\/Sitzungsprotokolle\">hier<\/a> abrufbar.<\/td><\/tr><\/tbody><\/table><\/figure>\n\n\n\n<p>Detaillierte Beschl\u00fcsse des Gemeinderates:<br><a rel=\"noreferrer noopener\" href=\"https:\/\/erlebnis-parkplatz.net\/wp-content\/uploads\/2023\/07\/2022-03-29-Gde-Haag-BGM-Antwort-Petition-nach-GR-17032022.pdf\" target=\"_blank\">Schreiben der Gemeinde vom 29.03.2022<\/a><br>Das Protokoll der Gemeinderatssitzung vom 20.04.2023 ist Stand 19. Juli 2023 noch nicht verf\u00fcgbar.<\/p>\n\n\n\n<p><a href=\"#\u00dcbersicht\">zur\u00fcck zur \u00dcbersicht<\/a><\/p>\n\n\n\n<h2 class=\"wp-block-heading\" id=\"Unterschriftenliste\">Unterschriftenliste Initiative<\/h2>\n\n\n\n<p>Unsere Unterschriftenliste kann <a rel=\"noreferrer noopener\" href=\"https:\/\/ausliebezuhaag.at\/wp-content\/uploads\/2022\/02\/Transparenzpaket-GR-Sitzungen_final.pdf\" target=\"_blank\">hier<\/a> eingesehen werden. Die Sammelfrist lief vom 10.02 bis 02.03.2022, es wurden gen\u00fcgend Unterschrift f\u00fcr eine G\u00fcltigkeit als B\u00fcrgerinnen und B\u00fcrgerinitative erreicht :).<\/p>\n\n\n\n<p><a href=\"https:\/\/erlebnis-parkplatz.net\/?page_id=6876#anfang\">zur\u00fcck z<\/a><a href=\"#\u00dcbersicht\">ur \u00dcbers<\/a><a href=\"https:\/\/erlebnis-parkplatz.net\/?page_id=6876#anfang\">icht<\/a><\/p>\n\n\n\n<h2 class=\"wp-block-heading\" id=\"Forderungen-und-deren-Begr\u00fcndung\">Forderungen und deren Begr\u00fcndung<\/h2>\n\n\n\n<ol class=\"wp-block-list\" type=\"1\">\n<li><strong>Ank\u00fcndigung der Gemeinderatssitzungen auf dem Veranstaltungskalender der Gemeinde-Website und auf der Gem2Go-App.<\/strong><br>Vor dem Start des Transparenzpakets &#8211; im Herbst 2021 &#8211; waren die Termine der Gemeinderatssitzungen nicht direkt im Veranstaltungskalender der Website zu finden. Auf eine Anfrage an das Gemeindeamt am 18.01.2022 erhielt ich vom Amtsleiter die Antwort, dass Gemeinderatssitzungen keine Veranstaltungen nach dem O\u00d6 Veranstaltungssicherheits-Gesetz sind und daher nicht im Veranstaltungskalender ver\u00f6ffentlicht werden. Eine R\u00fcckfrage beim Land O\u00d6 ergab, dass rechtlich einer Aufnahme der Daten der Gemeinderatssitzungen nichts entgegensteht. Da eine direkte Anfrage also leider nichts fruchtete, nahmen wir diesen Punkt als Forderung in unser Transparenzpaket auf. Wir fanden: Durch eine Aufnahme in den Veranstaltungskalender  wird aktiv auf die Termine aufmerksam gemacht, anstatt, dass man sie m\u00fchsam suchen muss. Eine Aufnahme in die Gem2Go-App ist zeitgem\u00e4\u00df und eine Wertsch\u00e4tzung sowie Respekt f\u00fcr die Bev\u00f6lkerungsgruppe, die von den jeweiligen Entscheidungen betroffen ist. <\/li>\n<\/ol>\n\n\n\n<ul class=\"wp-block-list\">\n<li><strong>Abhalten der Gemeinderatssitzungen in einem Raum mit guter Akustik, die optimales Verstehen der Diskussionen gew\u00e4hrleistet.<\/strong><br>Die Gemeinderatssitzungen fanden im Jahr 2021 aufgrund Corona oft in der Turnhalle statt \u2013 die so hallt, dass Zuh\u00f6rerende einer Sitzung nicht wirklich folgen k\u00f6nnen. Die Gemeinde hat die Errichtung des Pfarr-Treffs unterst\u00fctzt und im Gegenzug Anrecht auf eine gewisse Anzahl \u201cGratis\u201d-Veranstaltungen pro Jahr. Der Pfarr.Treff w\u00fcrde sich also f\u00fcr die Gemeinderatssitzungen anbieten, die nicht im Sitzungsaal des Gemeindeamts abgehalten werden k\u00f6nnen.<\/li>\n\n\n\n<li><strong>Livestream der Gemeinderatssitzungen, um neben dem Zuh\u00f6ren durch Anwesenheit auch Zuh\u00f6ren \u00fcber den Livestream zu erm\u00f6glichen.<br><\/strong>Ein Livestream w\u00fcrde es erm\u00f6glichen, von Zuhause aus die Sitzungen bzw. Teile der Sitzungen zu verfolgen \u2013 was um einiges einfacher zu organisieren ist als eine Pr\u00e4senz vor Ort. Es erm\u00f6glicht z.B. Menschen mit Betreuungspflichten (Kinder, \u00e4ltere Menschen, Menschen mit Behinderung), die ein physische Anwesenheit zuhause erfordern, die Sitzung trotzdem mitzuverfolgen (Sitzung f\u00fcr alle). Auch erlaubt ein Livestream das Mitverfolgen der Sitzung bei eigener Krankheit oder Quarant\u00e4ne. <br>Die o\u00f6. Gemeindeordnung erlaubt explizit die \u00dcbertragung von \u00f6ffentlichen Gemeinderatssitzungen im Internet.<\/li>\n\n\n\n<li><strong>Aufzeichnung der Gemeinderatssitzungen<br>sowie optionales Schalten auf Gemeindewebsite, direkt oder mittels Link.<\/strong><br>Eine Aufzeichnung der Gemeinderatssitzungen erm\u00f6glicht bei der Protokollerstellung eine Pr\u00fcfung dessen, was gesagt wurde. Wenn die Aufzeichnung zus\u00e4tzlich auf der Gemeindewebsite geschaltet wird, k\u00f6nnen wir die Sitzung auch im Nachhinein ansehen \u2013 z.B. wenn wir am Tag der Sitzung keine Zeit hatten oder anh\u00f6ren wollen, was zu einem bestimmten Thema (an verschiedenen Sitzungen) gesagt wurde.<br>Die O\u00d6 Gemeindeordnung erlaubt explizit eine visuelle oder akustische Aufzeichnung. Ein Schalten der Aufzeichnung im Internet ist gem\u00e4\u00df meinem Informationsstand m\u00f6glich, wenn dies durch jemand mit Medienprivileg erfolgt. \u00dcber ein solches verf\u00fcgt z.B. der Fernsehsender, der die Gemeinderatssitzungen der Stadt Wels auf YouTube stellt (z.B. <a rel=\"noreferrer noopener\" href=\"https:\/\/www.youtube.com\/watch?v=j1wRysegdW4\" target=\"_blank\">Sitzung des Welser Gemeinderats vom 07.03.2021<\/a>).<\/li>\n<\/ul>\n\n\n\n<ul class=\"wp-block-list\">\n<li><strong>Fragem\u00f6glichkeit f\u00fcr vor Ort und Online Anwesende<\/strong><br>Ein Gemeinderat, der f\u00fcr Fragen offen ist, h\u00f6rt denen zu, die ihn gew\u00e4hlt hat und ist nah bei der Bev\u00f6lkerung. Das w\u00fcnschen wir uns. Die O\u00d6 Gemeindeordnung sieht explizit vor, dass der Gemeinderat beschlie\u00dfen kann, dass vor oder nach der Gemeinderatssitzung eine B\u00fcrger_innen-Fragestunde abgehalten wird.<\/li>\n\n\n\n<li><strong>Ver\u00f6ffentlichung der Sitzungsprotokolle auf der Gemeindewebsite<br><em>1. innerhalb von 7 Tagen nach ihrer Genehmigung in durchsuchbarem Format sowie Integration in die Suchfunktion der Website<\/em><\/strong><br>Eine m\u00f6glichst zeitnahe Ver\u00f6ffentlichung der Protokolle ist besonders bei aktuellen\/dringlichen Themen wichtig. Dazu kommt: Wenn man heute auf der Website z.B. nach \u201cGr\u00fcng\u00fcrtel\u201d sucht, dann gibt es keinen Treffer \u2013 obwohl eines der dort geschalteten Sitzungsprotokolle einen ganzen Tagesordnungspunkt zum Gr\u00fcng\u00fcrtel enth\u00e4lt. Wenn die Sitzungsprotokolle in die Suchfunktion integriert werden, ist dieses Problem gel\u00f6st: Es k\u00f6nnen alle an den Gemeinderatssitzungen diskutierten Themen einfach auf der Website gefunden werden.<br><strong><em>2. Ver\u00f6ffentlichung aller Sitzungsprotokolle seit Juli 2020<\/em><\/strong><br>Heute ist das fr\u00fcheste Protokoll auf der Website jenes vom 16.09.2021. In den Sitzungen zuvor wurden im Gemeinderat wichtige Themen diskutiert, die auch heute noch aktuell sind. Durch das Schalten der Sitzungsprotokolle werden die Diskussionen \/ Infos dazu einfach auffindbar \u2013 d.h. die Infos dazu niederschwellig f\u00fcr alle zug\u00e4nglich.<\/li>\n<\/ul>\n\n\n\n<p><br><a href=\"#\u00dcbersicht\">zur\u00fcck zur \u00dcbersicht<\/a><\/p>\n\n\n\n<h2 class=\"wp-block-heading\" id=\"Warum-diese-Initiative\">Warum diese Initiative?<\/h2>\n\n\n\n<p>Unser Forderungspaket bringt mehr Transparenz in die Gemeindepolitik und schafft ein Klima der offenen T\u00fcren. Das ist ein ganz wichtiges Signal der Wertsch\u00e4tzung an die Bev\u00f6lkerung.<\/p>\n\n\n\n<p>Mehr Transparenz hei\u00dft mehr Fakten und weniger Ger\u00fcchte \u2013 ein ganz wichtiger Aspekt f\u00fcr ein gesundes Zusammenleben.<\/p>\n\n\n\n<p><br><a href=\"#\u00dcbersicht\">zur\u00fcck zur \u00dcbersicht<\/a><\/p>\n\n\n\n<h2 class=\"wp-block-heading\" id=\"Zitat-Haager-B\u00fcrgermeister\">Zitat Haager B\u00fcrgermeister<\/h2>\n\n\n\n<p>&nbsp;Am 25.06.2013 schrieb mir der Haager B\u00fcrgermeister:<\/p>\n\n\n\n<p><em>\u201cAus Unwissen oder Halbwissen heraus resultieren n\u00e4mlich nur allzu oft Unverst\u00e4ndnis, Unzufriedenheit, negative Stimmung und Ger\u00fcchte.\u201d<\/em><\/p>\n\n\n\n<p>Das sehe ich genau so. Und genau darum bin ich f\u00fcr die F\u00f6rderung von Transparenz und habe die Transparenzinitiative mitgestartet. Ihre Forderungen machen &#8211; so sie umgesetzt werden &#8211; Wissen niederschwellig f\u00fcr alle zug\u00e4nglich. <\/p>\n\n\n\n<p>Anders gesagt: Ich nahm den B\u00fcrgermeister beim Wort. Unsere Initiative gab ihm \u2013 und dem gesamten Gemeinderat \u2013 die Gelegenheit Abhilfe f\u00fcr das von ihm selber aufgezeigte Problem zu schaffen. Anders gesagt: Unsere Initiative gab und gibt dem Haager B\u00fcrgermeister die Gelegenheit aufzuzeigen, inwieweit er seinen Worten entsprechende Taten folgen l\u00e4sst. <\/p>\n\n\n\n<p id=\"\u00dcbersicht\"><br><a href=\"#\u00dcbersicht\">zur\u00fcck zur \u00dcbersicht<\/a><\/p>\n\n\n\n<h2 class=\"wp-block-heading\" id=\"Beispiele und Ideen\">Beispiele und Ideen<\/h2>\n\n\n\n<ul class=\"wp-block-list\">\n<li><a rel=\"noreferrer noopener\" href=\"https:\/\/erlebnis-parkplatz.net\/?page_id=7024\" target=\"_blank\">Die gesamte Wahrheit <\/a>&#8211;  Beispiel f\u00fcr die Informationspolitik der Haager Gemeinderegierung<\/li>\n\n\n\n<li><a href=\"https:\/\/erlebnis-parkplatz.net\/?page_id=6865\" target=\"_blank\" rel=\"noreferrer noopener\">Fragestunde<\/a> &#8211;  Umgangs des Haager Gemeinderats mit (unbequemen) Fragen<\/li>\n\n\n\n<li><a rel=\"noreferrer noopener\" href=\"https:\/\/erlebnis-parkplatz.net\/?page_id=6926\" target=\"_blank\">Mehr als sensationell<\/a> &#8211; Eindr\u00fcckliche Arbeit von engagierten B\u00fcrger:innen &#8211; und die Reaktion des Gemeinderats darauf. <\/li>\n\n\n\n<li><a rel=\"noreferrer noopener\" href=\"https:\/\/erlebnis-parkplatz.net\/?page_id=7038\" target=\"_blank\">Abstimmungsb\u00fcchlein &#8211; das w\u00e4re was f\u00fcr Haag<\/a> &#8211; ein Vorschlag f\u00fcr mehr Fachlichkeit in der Ortspolitik. <\/li>\n<\/ul>\n\n\n\n<p id=\"\u00dcbersicht\"><br><a href=\"#\u00dcbersicht\">zur\u00fcck zur \u00dcbersicht<\/a><\/p>\n\n\n\n<p>Letzte Aktualisierung: 19. Juli 2023<\/p>\n","protected":false},"excerpt":{"rendered":"<p>\u00dcbersicht ZusammenfassungWorum geht es?Die Transparenz-InitiativeWie transparent ist Haag?UnterschriftenlisteForderungen und deren Begr\u00fcndungWarum diese Initiative?Zitat Haager B\u00fcrgermeisterBeispiele und Ideen Zusammenfassung Die Mitglieder des Gemeinderates entscheiden \u00fcber wichtige Belange und die Ausrichtung von Haag. Sie arbeiten f\u00fcr die Bev\u00f6lkerung \u2013 f\u00fcr uns. Deswegen setze ich mich gemeinsam mit Verb\u00fcndeten f\u00fcr eine Politik der offenen T\u00fcren ein. Ich habe&hellip; <a class=\"more-link\" href=\"https:\/\/erlebnis-parkplatz.net\/?page_id=6876\"><span class=\"screen-reader-text\">Offene T\u00fcren<\/span> weiterlesen<\/a><\/p>\n","protected":false},"author":2,"featured_media":6877,"parent":6754,"menu_order":0,"comment_status":"closed","ping_status":"closed","template":"","meta":{"footnotes":""},"class_list":["post-6876","page","type-page","status-publish","has-post-thumbnail","hentry","entry"],"_links":{"self":[{"href":"https:\/\/erlebnis-parkplatz.net\/index.php?rest_route=\/wp\/v2\/pages\/6876","targetHints":{"allow":["GET"]}}],"collection":[{"href":"https:\/\/erlebnis-parkplatz.net\/index.php?rest_route=\/wp\/v2\/pages"}],"about":[{"href":"https:\/\/erlebnis-parkplatz.net\/index.php?rest_route=\/wp\/v2\/types\/page"}],"author":[{"embeddable":true,"href":"https:\/\/erlebnis-parkplatz.net\/index.php?rest_route=\/wp\/v2\/users\/2"}],"replies":[{"embeddable":true,"href":"https:\/\/erlebnis-parkplatz.net\/index.php?rest_route=%2Fwp%2Fv2%2Fcomments&post=6876"}],"version-history":[{"count":29,"href":"https:\/\/erlebnis-parkplatz.net\/index.php?rest_route=\/wp\/v2\/pages\/6876\/revisions"}],"predecessor-version":[{"id":7452,"href":"https:\/\/erlebnis-parkplatz.net\/index.php?rest_route=\/wp\/v2\/pages\/6876\/revisions\/7452"}],"up":[{"embeddable":true,"href":"https:\/\/erlebnis-parkplatz.net\/index.php?rest_route=\/wp\/v2\/pages\/6754"}],"wp:featuredmedia":[{"embeddable":true,"href":"https:\/\/erlebnis-parkplatz.net\/index.php?rest_route=\/wp\/v2\/media\/6877"}],"wp:attachment":[{"href":"https:\/\/erlebnis-parkplatz.net\/index.php?rest_route=%2Fwp%2Fv2%2Fmedia&parent=6876"}],"curies":[{"name":"wp","href":"https:\/\/api.w.org\/{rel}","templated":true}]}}