{"id":2188,"date":"2016-03-10T23:26:22","date_gmt":"2016-03-10T23:26:22","guid":{"rendered":"http:\/\/erlebnis-parkplatz.net\/?page_id=2188"},"modified":"2024-07-05T14:35:58","modified_gmt":"2024-07-05T13:35:58","slug":"teil-haben","status":"publish","type":"page","link":"https:\/\/erlebnis-parkplatz.net\/?page_id=2188","title":{"rendered":"Teilhabe"},"content":{"rendered":"\n<figure class=\"wp-block-image size-large is-style-rounded\"><a href=\"https:\/\/erlebnis-parkplatz.net\/wp-content\/uploads\/2019\/03\/2018-09-09-Haager-Purpurs\u00e4mling.jpg\"><img loading=\"lazy\" decoding=\"async\" width=\"1024\" height=\"768\" src=\"https:\/\/erlebnis-parkplatz.net\/wp-content\/uploads\/2019\/03\/2018-09-09-Haager-Purpurs\u00e4mling-1024x768.jpg\" alt=\"\" class=\"wp-image-4305\" srcset=\"https:\/\/erlebnis-parkplatz.net\/wp-content\/uploads\/2019\/03\/2018-09-09-Haager-Purpurs\u00e4mling-1024x768.jpg 1024w, https:\/\/erlebnis-parkplatz.net\/wp-content\/uploads\/2019\/03\/2018-09-09-Haager-Purpurs\u00e4mling-300x225.jpg 300w, https:\/\/erlebnis-parkplatz.net\/wp-content\/uploads\/2019\/03\/2018-09-09-Haager-Purpurs\u00e4mling-768x576.jpg 768w\" sizes=\"auto, (max-width: 1024px) 100vw, 1024px\" \/><\/a><figcaption class=\"wp-element-caption\">Der Haager Purpurs\u00e4mling &#8211; ein besonderer Apfel<\/figcaption><\/figure>\n\n\n\n<p>Mein Bruder Hermann war besonders. Er hat in seinem Besonders-Sein in Haag am Hausruck keinen wertgesch\u00e4tzten Platz gefunden. Sein Tod &#8211; wie ganz viele andere Ereignisse &#8211; bietet f\u00fcr mich die Chance, innezuhalten und die Frage zu reflektieren: Wie sieht denn eine wirklich bunte Gesellschaft aus? Wie ein wirklich buntes Haag? <\/p>\n\n\n\n<h4 class=\"wp-block-heading\"><span style=\"color: #ff00ff;\"><strong>Teil-Haben<\/strong><\/span><\/h4>\n\n\n\n<p>das betrifft uns alle.<\/p>\n\n\n\n<p>Es kann auf verschiedenen Ebenen erfolgen:<\/p>\n\n\n\n<p><em>Mit-Bestimmen<\/em><\/p>\n\n\n\n<p><em>Mit-Gestalten<\/em><\/p>\n\n\n\n<p><em>Mit-Erleben<\/em><\/p>\n\n\n\n<h4 class=\"wp-block-heading\"><span style=\"color: #ff00ff;\">F\u00fcr mich ist es so<\/span><\/h4>\n\n\n\n<p><strong>Eine Gesellschaft kann sich f\u00fcr mich dann zu ihrer vollen Bl\u00fcte entfalten, wenn alle das Recht und die M\u00f6glichkeit haben ihre Einzigartigkeit zu leben und vollwertig an der Gesellschaft teilzuhaben<\/strong> &#8211; in Politik, Familie, Freundschaften, Liebe. F\u00fcr mich ist es selbstverst\u00e4ndlich ist, dass wir alle gr\u00f6sstm\u00f6gliche Mitbestimmung aus\u00fcben &#8211; dass dies ein unver\u00e4u\u00dferliches Recht ist. Es ist nicht etwas, dass wir gn\u00e4digerweise gew\u00e4hren &#8211; es ist ein Austausch f\u00fcr den wir uns \u00f6ffnen &#8211; von dem wir alle profitieren, auf einer ganz tiefen Ebene.<\/p>\n\n\n\n<h4 class=\"wp-block-heading\"><span style=\"color: #ff00ff;\">Anders gesagt:<\/span><\/h4>\n\n\n\n<p><strong>Dort wo wir einander alle f\u00fcr voll nehmen &#8211; dort sind alle vollwertige Mitglieder der Gesellschaft.<\/strong><\/p>\n\n\n\n<p>Um andere f\u00fcr voll zu nehmen, muss ich zuerst einmal mich selber f\u00fcr voll nehmen.Ich muss Verantwortung daf\u00fcr \u00fcbernehmen wer ich bin und was ich tue. Und genau darum fordere ich von meinen Gegen\u00fcbern ein, dass sie Verantwortung f\u00fcr Ihre Handlungen \u00fcbernehmen: Weil ich sie f\u00fcr voll nehme. Damit wir alle vollwertig sein k\u00f6nnen. Und unser Leben aus dem Vollen leben. <\/p>\n","protected":false},"excerpt":{"rendered":"<p>Mein Bruder Hermann war besonders. Er hat in seinem Besonders-Sein in Haag am Hausruck keinen wertgesch\u00e4tzten Platz gefunden. Sein Tod &#8211; wie ganz viele andere Ereignisse &#8211; bietet f\u00fcr mich die Chance, innezuhalten und die Frage zu reflektieren: Wie sieht denn eine wirklich bunte Gesellschaft aus? Wie ein wirklich buntes Haag? Teil-Haben das betrifft uns&hellip; <a class=\"more-link\" href=\"https:\/\/erlebnis-parkplatz.net\/?page_id=2188\"><span class=\"screen-reader-text\">Teilhabe<\/span> weiterlesen<\/a><\/p>\n","protected":false},"author":2,"featured_media":0,"parent":0,"menu_order":2,"comment_status":"closed","ping_status":"closed","template":"","meta":{"footnotes":""},"class_list":["post-2188","page","type-page","status-publish","hentry","entry"],"_links":{"self":[{"href":"https:\/\/erlebnis-parkplatz.net\/index.php?rest_route=\/wp\/v2\/pages\/2188","targetHints":{"allow":["GET"]}}],"collection":[{"href":"https:\/\/erlebnis-parkplatz.net\/index.php?rest_route=\/wp\/v2\/pages"}],"about":[{"href":"https:\/\/erlebnis-parkplatz.net\/index.php?rest_route=\/wp\/v2\/types\/page"}],"author":[{"embeddable":true,"href":"https:\/\/erlebnis-parkplatz.net\/index.php?rest_route=\/wp\/v2\/users\/2"}],"replies":[{"embeddable":true,"href":"https:\/\/erlebnis-parkplatz.net\/index.php?rest_route=%2Fwp%2Fv2%2Fcomments&post=2188"}],"version-history":[{"count":25,"href":"https:\/\/erlebnis-parkplatz.net\/index.php?rest_route=\/wp\/v2\/pages\/2188\/revisions"}],"predecessor-version":[{"id":6889,"href":"https:\/\/erlebnis-parkplatz.net\/index.php?rest_route=\/wp\/v2\/pages\/2188\/revisions\/6889"}],"wp:attachment":[{"href":"https:\/\/erlebnis-parkplatz.net\/index.php?rest_route=%2Fwp%2Fv2%2Fmedia&parent=2188"}],"curies":[{"name":"wp","href":"https:\/\/api.w.org\/{rel}","templated":true}]}}

<figure class="wp-block-image size-large is-style-rounded"><a href="https://erlebnis-parkplatz.net/wp-content/uploads/2019/03/2018-09-09-Haager-Purpursämling.jpg"><img loading="lazy" decoding="async" width="1024" height="768" src="https://erlebnis-parkplatz.net/wp-content/uploads/2019/03/2018-09-09-Haager-Purpursämling-1024x768.jpg" alt="" class="wp-image-4305" srcset="https://erlebnis-parkplatz.net/wp-content/uploads/2019/03/2018-09-09-Haager-Purpursämling-1024x768.jpg 1024w, https://erlebnis-parkplatz.net/wp-content/uploads/2019/03/2018-09-09-Haager-Purpursämling-300x225.jpg 300w, https://erlebnis-parkplatz.net/wp-content/uploads/2019/03/2018-09-09-Haager-Purpursämling-768x576.jpg 768w" sizes="auto, (max-width: 1024px) 100vw, 1024px" /></a><figcaption class="wp-element-caption">Der Haager Purpursämling &#8211; ein besonderer Apfel</figcaption></figure>



<p>Mein Bruder Hermann war besonders. Er hat in seinem Besonders-Sein in Haag am Hausruck keinen wertgeschätzten Platz gefunden. Sein Tod &#8211; wie ganz viele andere Ereignisse &#8211; bietet für mich die Chance, innezuhalten und die Frage zu reflektieren: Wie sieht denn eine wirklich bunte Gesellschaft aus? Wie ein wirklich buntes Haag? </p>



<h4 class="wp-block-heading"><span style="color: #ff00ff;"><strong>Teil-Haben</strong></span></h4>



<p>das betrifft uns alle.</p>



<p>Es kann auf verschiedenen Ebenen erfolgen:</p>



<p><em>Mit-Bestimmen</em></p>



<p><em>Mit-Gestalten</em></p>



<p><em>Mit-Erleben</em></p>



<h4 class="wp-block-heading"><span style="color: #ff00ff;">Für mich ist es so</span></h4>



<p><strong>Eine Gesellschaft kann sich für mich dann zu ihrer vollen Blüte entfalten, wenn alle das Recht und die Möglichkeit haben ihre Einzigartigkeit zu leben und vollwertig an der Gesellschaft teilzuhaben</strong> &#8211; in Politik, Familie, Freundschaften, Liebe. Für mich ist es selbstverständlich ist, dass wir alle grösstmögliche Mitbestimmung ausüben &#8211; dass dies ein unveräußerliches Recht ist. Es ist nicht etwas, dass wir gnädigerweise gewähren &#8211; es ist ein Austausch für den wir uns öffnen &#8211; von dem wir alle profitieren, auf einer ganz tiefen Ebene.</p>



<h4 class="wp-block-heading"><span style="color: #ff00ff;">Anders gesagt:</span></h4>



<p><strong>Dort wo wir einander alle für voll nehmen &#8211; dort sind alle vollwertige Mitglieder der Gesellschaft.</strong></p>



<p>Um andere für voll zu nehmen, muss ich zuerst einmal mich selber für voll nehmen.Ich muss Verantwortung dafür übernehmen wer ich bin und was ich tue. Und genau darum fordere ich von meinen Gegenübern ein, dass sie Verantwortung für Ihre Handlungen übernehmen: Weil ich sie für voll nehme. Damit wir alle vollwertig sein können. Und unser Leben aus dem Vollen leben. </p>

<p>Mein Bruder Hermann war besonders. Er hat in seinem Besonders-Sein in Haag am Hausruck keinen wertgeschätzten Platz gefunden. Sein Tod &#8211; wie ganz viele andere Ereignisse &#8211; bietet für mich die Chance, innezuhalten und die Frage zu reflektieren: Wie sieht denn eine wirklich bunte Gesellschaft aus? Wie ein wirklich buntes Haag? Teil-Haben das betrifft uns&hellip; <a class="more-link" href="https://erlebnis-parkplatz.net/?page_id=2188"><span class="screen-reader-text">Teilhabe</span> weiterlesen</a></p>
