{"id":2,"date":"2013-11-06T19:21:05","date_gmt":"2013-11-06T19:21:05","guid":{"rendered":"http:\/\/erlebnis-parkplatz.net\/?page_id=2"},"modified":"2024-07-05T14:36:31","modified_gmt":"2024-07-05T13:36:31","slug":"sample-page","status":"publish","type":"page","link":"https:\/\/erlebnis-parkplatz.net\/?page_id=2","title":{"rendered":"um.sonst &#8211; erlebnis.parkplatz.luisenh\u00f6he"},"content":{"rendered":"<p><!-- Matomo --><br \/>\n<script><br \/>\n  var _paq = window._paq = window._paq || [];<br \/>\n  \/* tracker methods like \"setCustomDimension\" should be called before \"trackPageView\" *\/<br \/>\n  _paq.push(['trackPageView']);<br \/>\n  _paq.push(['enableLinkTracking']);<br \/>\n  (function() {<br \/>\n    var u=\"\/\/datamining.immerda.ch\/\";<br \/>\n    _paq.push(['setTrackerUrl', u+'piwik.php']);<br \/>\n    _paq.push(['setSiteId', '67']);<br \/>\n    var d=document, g=d.createElement('script'), s=d.getElementsByTagName('script')[0];<br \/>\n    g.async=true; g.src=u+'piwik.js'; s.parentNode.insertBefore(g,s);<br \/>\n  })();<br \/>\n<\/script><br \/>\n<!-- End Matomo Code --><\/p>\n<p>Am 12. November 2013 schaltete ich diese Zeilen und das angeh\u00e4ngte Schreiben online. Auch wenn es in manchen Teilen \u00fcberholt ist, so spiegelt es doch immer noch wieder, warum ich in Bezug auf den Parkplatz den Weg gegangen bin und gehe, der meiner ist. Ich versuche meine Werte zu leben.<\/p>\n<p>&nbsp;<\/p>\n<p lang=\"de-AT\" align=\"CENTER\"><b>Eine Stunde <\/b><\/p>\n<p lang=\"de-AT\" align=\"CENTER\"><i>von Erich Fried <strong><sup><a href=\"#sdfootnote1sym\" name=\"sdfootnote1anc\"><sup>1<\/sup><\/a><\/sup><\/strong><\/i><\/p>\n<p lang=\"de-AT\"><i>Ich habe eine Stunde damit verbracht<\/i><\/p>\n<p lang=\"de-AT\"><i>ein Gedicht das ich geschrieben habe<\/i><\/p>\n<p lang=\"de-AT\"><i>zu korrigieren<\/i><\/p>\n<p lang=\"de-AT\" align=\"RIGHT\"><i>Eine Stunde<\/i><\/p>\n<p lang=\"de-AT\" align=\"RIGHT\"><i>Das hei\u00dft: In dieser Zeit<\/i><\/p>\n<p lang=\"de-AT\" align=\"RIGHT\"><i>sind 1400 kleine Kinder verhungert<\/i><\/p>\n<p lang=\"de-AT\" align=\"RIGHT\"><i>denn alle 2 \u00bd Sekunden verhungert<\/i><\/p>\n<p lang=\"de-AT\" align=\"RIGHT\"><i>ein Kind unter f\u00fcnf Jahren<\/i><\/p>\n<p lang=\"de-AT\" align=\"RIGHT\"><i>in unserer Welt<\/i><\/p>\n<p lang=\"de-AT\"><i>Eine Stunde lang wurde auch<\/i><\/p>\n<p lang=\"de-AT\"><i>das Wettr\u00fcsten fortgesetzt<\/i><\/p>\n<p lang=\"de-AT\"><i>und 62 Millionen achthunderttausend Dollar<\/i><\/p>\n<p lang=\"de-AT\"><i>wurden in dieser einen Stunde ausgegeben<\/i><\/p>\n<p lang=\"de-AT\"><i>f\u00fcr den Schutz der verschiedenen M\u00e4chte<\/i><\/p>\n<p lang=\"de-AT\"><i>voreinander<\/i><\/p>\n<p lang=\"de-AT\"><i>Denn die R\u00fcstungsausgaben der Welt<\/i><\/p>\n<p lang=\"de-AT\"><i>betragen derzeit<\/i><\/p>\n<p lang=\"de-AT\"><i>550 Milliarden Dollar im Jahr<\/i><\/p>\n<p lang=\"de-AT\"><i>Auch unser Land tr\u00e4gt dazu<\/i><\/p>\n<p lang=\"de-AT\"><i>sein Scherflein bei<\/i><\/p>\n<p lang=\"de-AT\" align=\"RIGHT\"><i>Die Frage liegt nahe<\/i><\/p>\n<p lang=\"de-AT\" align=\"RIGHT\"><i>ob es noch sinnvoll ist<\/i><\/p>\n<p lang=\"de-AT\" align=\"RIGHT\"><i>bei dieser Lage der Dinge<\/i><\/p>\n<p lang=\"de-AT\" align=\"RIGHT\"><i>Gedichte zu schreiben.<\/i><\/p>\n<p lang=\"de-AT\" align=\"RIGHT\"><i>Allerdings geht es<\/i><\/p>\n<p lang=\"de-AT\" align=\"RIGHT\"><i>in einigen Gedichten<\/i><\/p>\n<p lang=\"de-AT\" align=\"RIGHT\"><i>um R\u00fcstungsausgaben und Krieg<\/i><\/p>\n<p lang=\"de-AT\" align=\"RIGHT\"><i>und verhungernde Kinder.<\/i><\/p>\n<p lang=\"de-AT\" align=\"RIGHT\"><i>Aber in anderen geht es<\/i><\/p>\n<p lang=\"de-AT\" align=\"RIGHT\"><i>um Liebe und Altern und<\/i><\/p>\n<p lang=\"de-AT\" align=\"RIGHT\"><i>um Wiesen und B\u00e4ume und Berge<\/i><\/p>\n<p lang=\"de-AT\" align=\"RIGHT\"><i>und auch um Gedichte und Bilder<\/i><\/p>\n<p lang=\"de-AT\" align=\"CENTER\"><i>Wenn es nicht auch<\/i><\/p>\n<p lang=\"de-AT\" align=\"CENTER\"><i>um all dies andere geht<\/i><\/p>\n<p lang=\"de-AT\" align=\"CENTER\"><i>dann geht es auch keinem mehr wirklich<\/i><\/p>\n<p lang=\"de-AT\" align=\"CENTER\"><i>um Kinder und Frieden<\/i><\/p>\n<p lang=\"de-AT\"><b>Die Frage liegt nahe \u2013 in Anlehnung an das obige Gedicht von Erich <\/b><\/p>\n<p lang=\"de-AT\"><b>Fried \u2013, ob es noch sinnvoll ist, bei der derzeitigen Lage der Dinge auf der Luisenh\u00f6he \u00fcber Wertsch\u00e4tzung und Liebe und \u00fcber B\u00e4ume, Rehe und Wiesen zu schreiben. Wo es doch um die Zukunft von Haag geht. Um F\u00f6rdergelder der EU. Und um die Zukunft der Nachbargemeinden<\/b>.<\/p>\n<p lang=\"de-AT\">Wenn es uns aber nicht mehr um Wertsch\u00e4tzung und Liebe und um B\u00e4ume, Rehe und Wiesen geht, geht es uns dann wirklich noch um die Menschen, f\u00fcr deren Zukunft wir die F\u00f6rdergelder der EU \u2013 und die be\u00adstehenden Parkpl\u00e4tze \u2013 einfordern?<\/p>\n<p><a href=\"#sdfootnote1anc\" name=\"sdfootnote1sym\">1<\/a> <i>Erich Fried (1921-1988)<\/i> <em>Bald nach dem Anschluss \u00d6sterreichs an Deutschland starb im Mai 1938 Frieds Vater an den Folgen eines Verh\u00f6rs durch die Gestapo. Daraufhin emigrier\u00adte Erich Fried \u00fcber Belgien nach London, wo er bis zu seinem Tod wohnte. Er gr\u00fcndete dort die Selbsthilfegruppe Emigrantenjugend, der es gelang, viele Gef\u00e4hrdete nach England zu bringen.<\/em><\/p>\n<p><a href=\"http:\/\/erlebnis-parkplatz.net\/wp-content\/uploads\/2013\/11\/Erlebnis-Parkplatz-Luisenh\u00f6he-11-November-2013.pdf\">Mehr Gedanken zur Luisenh\u00f6he (click):<\/a><br \/>\n<a href=\"http:\/\/erlebnis-parkplatz.net\/wp-content\/uploads\/2013\/11\/Erlebnis-Parkplatz-Luisenh\u00f6he-11-November-2013.pdf\"> Erlebnis Parkplatz Luisenh\u00f6he &#8211; 11 November 2013 (pdf &#8211; 29 Seiten)<\/a><\/p>\n<p>&nbsp;<\/p>\n<p>&nbsp;<\/p>\n","protected":false},"excerpt":{"rendered":"<p>Am 12. November 2013 schaltete ich diese Zeilen und das angeh\u00e4ngte Schreiben online. Auch wenn es in manchen Teilen \u00fcberholt ist, so spiegelt es doch immer noch wieder, warum ich in Bezug auf den Parkplatz den Weg gegangen bin und gehe, der meiner ist. Ich versuche meine Werte zu leben. &nbsp; Eine Stunde von Erich&hellip; <a class=\"more-link\" href=\"https:\/\/erlebnis-parkplatz.net\/?page_id=2\"><span class=\"screen-reader-text\">um.sonst &#8211; erlebnis.parkplatz.luisenh\u00f6he<\/span> weiterlesen<\/a><\/p>\n","protected":false},"author":2,"featured_media":0,"parent":5598,"menu_order":5,"comment_status":"closed","ping_status":"closed","template":"","meta":{"footnotes":""},"class_list":["post-2","page","type-page","status-publish","hentry","entry"],"_links":{"self":[{"href":"https:\/\/erlebnis-parkplatz.net\/index.php?rest_route=\/wp\/v2\/pages\/2","targetHints":{"allow":["GET"]}}],"collection":[{"href":"https:\/\/erlebnis-parkplatz.net\/index.php?rest_route=\/wp\/v2\/pages"}],"about":[{"href":"https:\/\/erlebnis-parkplatz.net\/index.php?rest_route=\/wp\/v2\/types\/page"}],"author":[{"embeddable":true,"href":"https:\/\/erlebnis-parkplatz.net\/index.php?rest_route=\/wp\/v2\/users\/2"}],"replies":[{"embeddable":true,"href":"https:\/\/erlebnis-parkplatz.net\/index.php?rest_route=%2Fwp%2Fv2%2Fcomments&post=2"}],"version-history":[{"count":28,"href":"https:\/\/erlebnis-parkplatz.net\/index.php?rest_route=\/wp\/v2\/pages\/2\/revisions"}],"predecessor-version":[{"id":5731,"href":"https:\/\/erlebnis-parkplatz.net\/index.php?rest_route=\/wp\/v2\/pages\/2\/revisions\/5731"}],"up":[{"embeddable":true,"href":"https:\/\/erlebnis-parkplatz.net\/index.php?rest_route=\/wp\/v2\/pages\/5598"}],"wp:attachment":[{"href":"https:\/\/erlebnis-parkplatz.net\/index.php?rest_route=%2Fwp%2Fv2%2Fmedia&parent=2"}],"curies":[{"name":"wp","href":"https:\/\/api.w.org\/{rel}","templated":true}]}}

um.sonst &#8211; erlebnis.parkplatz.luisenhöhe

<p><!-- Matomo --><br />
<script><br />
  var _paq = window._paq = window._paq || [];<br />
  /* tracker methods like "setCustomDimension" should be called before "trackPageView" */<br />
  _paq.push(['trackPageView']);<br />
  _paq.push(['enableLinkTracking']);<br />
  (function() {<br />
    var u="//datamining.immerda.ch/";<br />
    _paq.push(['setTrackerUrl', u+'piwik.php']);<br />
    _paq.push(['setSiteId', '67']);<br />
    var d=document, g=d.createElement('script'), s=d.getElementsByTagName('script')[0];<br />
    g.async=true; g.src=u+'piwik.js'; s.parentNode.insertBefore(g,s);<br />
  })();<br />
</script><br />
<!-- End Matomo Code --></p>
<p>Am 12. November 2013 schaltete ich diese Zeilen und das angehängte Schreiben online. Auch wenn es in manchen Teilen überholt ist, so spiegelt es doch immer noch wieder, warum ich in Bezug auf den Parkplatz den Weg gegangen bin und gehe, der meiner ist. Ich versuche meine Werte zu leben.</p>
<p>&nbsp;</p>
<p lang="de-AT" align="CENTER"><b>Eine Stunde </b></p>
<p lang="de-AT" align="CENTER"><i>von Erich Fried <strong><sup><a href="#sdfootnote1sym" name="sdfootnote1anc"><sup>1</sup></a></sup></strong></i></p>
<p lang="de-AT"><i>Ich habe eine Stunde damit verbracht</i></p>
<p lang="de-AT"><i>ein Gedicht das ich geschrieben habe</i></p>
<p lang="de-AT"><i>zu korrigieren</i></p>
<p lang="de-AT" align="RIGHT"><i>Eine Stunde</i></p>
<p lang="de-AT" align="RIGHT"><i>Das heißt: In dieser Zeit</i></p>
<p lang="de-AT" align="RIGHT"><i>sind 1400 kleine Kinder verhungert</i></p>
<p lang="de-AT" align="RIGHT"><i>denn alle 2 ½ Sekunden verhungert</i></p>
<p lang="de-AT" align="RIGHT"><i>ein Kind unter fünf Jahren</i></p>
<p lang="de-AT" align="RIGHT"><i>in unserer Welt</i></p>
<p lang="de-AT"><i>Eine Stunde lang wurde auch</i></p>
<p lang="de-AT"><i>das Wettrüsten fortgesetzt</i></p>
<p lang="de-AT"><i>und 62 Millionen achthunderttausend Dollar</i></p>
<p lang="de-AT"><i>wurden in dieser einen Stunde ausgegeben</i></p>
<p lang="de-AT"><i>für den Schutz der verschiedenen Mächte</i></p>
<p lang="de-AT"><i>voreinander</i></p>
<p lang="de-AT"><i>Denn die Rüstungsausgaben der Welt</i></p>
<p lang="de-AT"><i>betragen derzeit</i></p>
<p lang="de-AT"><i>550 Milliarden Dollar im Jahr</i></p>
<p lang="de-AT"><i>Auch unser Land trägt dazu</i></p>
<p lang="de-AT"><i>sein Scherflein bei</i></p>
<p lang="de-AT" align="RIGHT"><i>Die Frage liegt nahe</i></p>
<p lang="de-AT" align="RIGHT"><i>ob es noch sinnvoll ist</i></p>
<p lang="de-AT" align="RIGHT"><i>bei dieser Lage der Dinge</i></p>
<p lang="de-AT" align="RIGHT"><i>Gedichte zu schreiben.</i></p>
<p lang="de-AT" align="RIGHT"><i>Allerdings geht es</i></p>
<p lang="de-AT" align="RIGHT"><i>in einigen Gedichten</i></p>
<p lang="de-AT" align="RIGHT"><i>um Rüstungsausgaben und Krieg</i></p>
<p lang="de-AT" align="RIGHT"><i>und verhungernde Kinder.</i></p>
<p lang="de-AT" align="RIGHT"><i>Aber in anderen geht es</i></p>
<p lang="de-AT" align="RIGHT"><i>um Liebe und Altern und</i></p>
<p lang="de-AT" align="RIGHT"><i>um Wiesen und Bäume und Berge</i></p>
<p lang="de-AT" align="RIGHT"><i>und auch um Gedichte und Bilder</i></p>
<p lang="de-AT" align="CENTER"><i>Wenn es nicht auch</i></p>
<p lang="de-AT" align="CENTER"><i>um all dies andere geht</i></p>
<p lang="de-AT" align="CENTER"><i>dann geht es auch keinem mehr wirklich</i></p>
<p lang="de-AT" align="CENTER"><i>um Kinder und Frieden</i></p>
<p lang="de-AT"><b>Die Frage liegt nahe – in Anlehnung an das obige Gedicht von Erich </b></p>
<p lang="de-AT"><b>Fried –, ob es noch sinnvoll ist, bei der derzeitigen Lage der Dinge auf der Luisenhöhe über Wertschätzung und Liebe und über Bäume, Rehe und Wiesen zu schreiben. Wo es doch um die Zukunft von Haag geht. Um Fördergelder der EU. Und um die Zukunft der Nachbargemeinden</b>.</p>
<p lang="de-AT">Wenn es uns aber nicht mehr um Wertschätzung und Liebe und um Bäume, Rehe und Wiesen geht, geht es uns dann wirklich noch um die Menschen, für deren Zukunft wir die Fördergelder der EU – und die be­stehenden Parkplätze – einfordern?</p>
<p><a href="#sdfootnote1anc" name="sdfootnote1sym">1</a> <i>Erich Fried (1921-1988)</i> <em>Bald nach dem Anschluss Österreichs an Deutschland starb im Mai 1938 Frieds Vater an den Folgen eines Verhörs durch die Gestapo. Daraufhin emigrier­te Erich Fried über Belgien nach London, wo er bis zu seinem Tod wohnte. Er gründete dort die Selbsthilfegruppe Emigrantenjugend, der es gelang, viele Gefährdete nach England zu bringen.</em></p>
<p><a href="http://erlebnis-parkplatz.net/wp-content/uploads/2013/11/Erlebnis-Parkplatz-Luisenhöhe-11-November-2013.pdf">Mehr Gedanken zur Luisenhöhe (click):</a><br />
<a href="http://erlebnis-parkplatz.net/wp-content/uploads/2013/11/Erlebnis-Parkplatz-Luisenhöhe-11-November-2013.pdf"> Erlebnis Parkplatz Luisenhöhe &#8211; 11 November 2013 (pdf &#8211; 29 Seiten)</a></p>
<p>&nbsp;</p>
<p>&nbsp;</p>

<p>Am 12. November 2013 schaltete ich diese Zeilen und das angehängte Schreiben online. Auch wenn es in manchen Teilen überholt ist, so spiegelt es doch immer noch wieder, warum ich in Bezug auf den Parkplatz den Weg gegangen bin und gehe, der meiner ist. Ich versuche meine Werte zu leben. &nbsp; Eine Stunde von Erich&hellip; <a class="more-link" href="https://erlebnis-parkplatz.net/?page_id=2"><span class="screen-reader-text">um.sonst &#8211; erlebnis.parkplatz.luisenhöhe</span> weiterlesen</a></p>
